 = -2*v**3 - 53*v**2 - 23*v + 78. Calculate r(-26).
0
Let f(y) = 4*y**2 - 51*y - 80. Give f(14).
-10
Let p(w) = 9*w - 210. Determine p(-5).
-255
Let p(b) = b**3 + 136*b**2 + 15*b + 2026. Calculate p(-136).
-14
Let z(h) = 3*h**3 + 44*h**2 + 65*h + 67. Give z(-13).
67
Let l(r) = 2*r**3 - 263*r**2 - 141*r + 1070. Calculate l(132).
-118
Let w(r) = 31*r + 234. What is w(-21)?
-417
Let z(o) = -1180*o - 5900. Determine z(-5).
0
Let b(s) = s**2 - 39*s - 2277. Calculate b(71).
-5
Let s(j) = -74*j**2 - j + 1. Give s(3).
-668
Let y(u) = -2*u**3 - 54*u**2 + 69*u + 187. Give y(-28).
-177
Let l(m) = m**3 + 15*m**2 - 39*m - 63. Calculate l(-17).
22
Let x(k) = 2*k**3 - 15*k**2 - 226*k + 37. Determine x(15).
22
Let p(l) = -l**2 - 37*l + 594. Calculate p(-49).
6
Let q(z) = z**2 - 61*z - 257. Determine q(-4).
3
Let v(r) = 2*r**3 + 6*r**2 - 24*r - 9. What is v(5)?
271
Let q(k) = 142*k**2 - 113*k + 5. Give q(1).
34
Let u(p) = -2*p**2 - 25*p - 63. Give u(-4).
5
Let d(y) = 7*y**3 + 105*y**2 + 7*y + 83. Calculate d(-15).
-22
Let t(s) = -s**3 + s**2 - 3*s - 14. Calculate t(-2).
4
Let d(w) = 7*w**3 + 14*w**2 + 8*w - 7. Calculate d(-4).
-263
Let h(p) = -2*p**2 + 28*p + 10. Calculate h(0).
10
Let h(s) = s**2 + 18*s + 1. What is h(-8)?
-79
Let f(l) = -l**2 + 593*l + 7885. Calculate f(-13).
7
Let j(k) = 12*k - 724. What is j(43)?
-208
Let y(i) = -122*i - 1017. Calculate y(-7).
-163
Let n(q) = 685*q - 2089. Determine n(3).
-34
Let p(n) = 3*n**3 - 44*n**2 - 225. Calculate p(15).
0
Let v(r) = -5*r**2 + 124. Calculate v(0).
124
Let z(i) = i**3 - 34*i**2 + 7*i + 9. Determine z(4).
-443
Let z(f) = 2*f**2 - 17*f + 10. Calculate z(8).
2
Let x(l) = l**2 + 2656*l - 15962. Determine x(6).
10
Let p(r) = -68*r - 342. Calculate p(-5).
-2
Let y(s) = -4*s**2 - 67*s + 363. Calculate y(6).
-183
Let y(v) = v**3 + 44*v**2 + 189*v - 233. Determine y(-39).
1
Let p(g) = -2*g**3 + g**2 - 298*g - 11. What is p(0)?
-11
Let d(x) = -70*x - 764. Calculate d(-11).
6
Let v(s) = -37*s**2 - 9*s + 24. Give v(2).
-142
Let r(m) = -3*m**3 + 158*m**2 - 99*m - 167. Calculate r(52).
93
Let n(u) = 61*u - 406. Calculate n(11).
265
Let c(q) = 1325*q - 13213. Give c(10).
37
Let i(j) = -2006*j - 68208. Calculate i(-34).
-4
Let i(f) = -5*f**3 - 2*f**2 + 13*f - 16. Determine i(3).
-130
Let z(d) = -d**3 + 34*d**2 - 116*d - 118. Determine z(30).
2
Let b(a) = 2364*a + 28377. Determine b(-12).
9
Let m(d) = -2*d**2 + 41*d - 54. Calculate m(18).
36
Let v(q) = -217*q + 1560. Give v(7).
41
Let b(m) = -2312*m + 20802. What is b(9)?
-6
Let f(h) = -h**2 - 92*h - 240. Calculate f(-90).
-60
Let b(n) = -141*n**2 + 41*n + 40. Calculate b(-1).
-142
Let k(p) = -307*p + 13495. Calculate k(44).
-13
Let u(m) = 1076*m + 4296. Give u(-4).
-8
Let s(z) = 16*z + 737. Determine s(-23).
369
Let h(l) = -l**3 + 19*l**2 - 70*l - 8. Give h(14).
-8
Let h(a) = a**3 + 36*a**2 + 318*a - 52. Give h(-17).
33
Let v(g) = 3*g**3 - 4*g**2 - 8*g + 34. Determine v(3).
55
Let s(x) = -2*x**2 + 7*x + 123. What is s(10)?
-7
Let j(x) = 4*x**2 + 107*x + 207. Calculate j(-2).
9
Let u(n) = 70*n + 237. Calculate u(-4).
-43
Let c(u) = u**3 - 10*u**2 + 20*u - 15. Calculate c(6).
-39
Let z(u) = u**3 + 3*u**2 - 24*u - 16. Calculate z(-6).
20
Let i(y) = -6*y**2 + 1092*y - 9339. Give i(173).
3
Let z(g) = 4*g**3 + g**2 + 4*g + 4. Calculate z(-1).
-3
Let t(x) = 271*x + 99. What is t(-1)?
-172
Let p(q) = -2*q**2 - 46*q - 109. What is p(-21)?
-25
Let n(k) = 2*k**3 - 76*k**2 + 46*k + 66. Determine n(37).
-970
Let m(x) = -x**2 + 10. What is m(-3)?
1
Let z(s) = -2*s**3 + 11*s**2 - 16*s + 30. Determine z(6).
-102
Let f(m) = m**2 + 116*m - 2289. Give f(17).
-28
Let s(p) = -p**2 - 17*p + 32. Give s(-11).
98
Let k(o) = 20*o**2 - 78*o - 1. Give k(4).
7
Let f(q) = -2*q**3 + 109*q**2 - 162*q + 123. What is f(53)?
-36
Let d(h) = -h**3 + 16*h**2 - 39*h - 209. Determine d(9).
7
Let i(m) = -170*m - 112. Give i(-1).
58
Let k(l) = 2*l**3 - 9*l**2 - 1760*l + 17. What is k(32)?
17
Let u(y) = 33*y - 175. What is u(5)?
-10
Let s(v) = -476*v + 4371. Give s(8).
563
Let c(u) = -161*u + 627. Give c(4).
-17
Let v(l) = -l**3 + 63*l**2 + 5*l - 299. Determine v(63).
16
Let s(w) = w**3 - 8*w**2 + 9*w - 26. Calculate s(6).
-44
Let x(s) = 2*s**2 - 72*s + 318. Determine x(29).
-88
Let m(a) = 71*a + 132. What is m(-2)?
-10
Let v(b) = -b**2 - 201*b - 3937. What is v(-22)?
1
Let i(s) = 87*s - 13570. Give i(156).
2
Let n(o) = 6*o**2 + 19*o - 75. Calculate n(4).
97
Let l(z) = -22*z + 379. What is l(20)?
-61
Let f(z) = 13*z**3 - 26*z**2 + 762*z - 1530. Determine f(2).
-6
Let k(p) = -p**3 - 3*p**2 + 14*p + 34. Give k(-4).
-6
Let u(a) = -139*a + 18756. What is u(135)?
-9
Let a(j) = -2*j**2 + 14*j - 28. What is a(10)?
-88
Let t(m) = 2*m**3 - 13*m**2 - 9*m - 36. Calculate t(9).
288
Let y(g) = g**2 - 140*g - 13080. Calculate y(204).
-24
Let b(k) = 2*k**3 + 19*k**2 - 52*k - 556. What is b(-9)?
-7
Let r(q) = 123*q - 2071. What is r(17)?
20
Let z(l) = 17739*l + 35479. What is z(-2)?
1
Let c(a) = -280*a - 784. Give c(-3).
56
Let i(d) = 2*d**2 + 15*d - 152. Determine i(7).
51
Let x(o) = o**3 - 13*o**2 + 6*o + 43. Calculate x(12).
-29
Let u(l) = -2*l**2 + 247*l - 5857. What is u(32)?
-1
Let a(r) = -r**3 + 27*r**2 + 327*r - 92. What is a(36)?
16
Let b(n) = 3*n**2 - 249*n + 493. Calculate b(2).
7
Let q(m) = m**3 - 70*m**2 + 1082*m - 44. Calculate q(47).
3
Let i(u) = -u**3 + 21*u**2 - 20*u + 33. What is i(20)?
33
Let o(m) = 12*m**2 + 2*m - 3. Determine o(0).
-3
Let j(p) = 5*p**2 - 2*p + 3. Determine j(3).
42
Let v(s) = 16*s - 1. What is v(6)?
95
Let u(p) = 9*p + 23. What is u(14)?
149
Let p(n) = 3*n - 180. Give p(65).
15
Let u(i) = -i**3 + 11*i**2 + 9*i - 215. Determine u(11).
-116
Let n(m) = -m**3 - 27*m**2 + 34*m + 192. Determine n(-28).
24
Let g(m) = 3*m**2 + 129*m - 2614. What is g(-58)?
-4
Let g(m) = -m**3 + 20*m**2 - 122*m + 18. Calculate g(7).
-199
Let c(n) = -2*n**2 - 45*n - 517. Calculate c(-11).
-264
Let x(z) = 12*z**2 - 184*z - 3334. Give x(26).
-6
Let i(v) = v**3 - 22*v**2 + 73*v - 271. Give i(19).
33
Let j(i) = -22*i**3 - 2*i**2 + 55*i + 56. Give j(-1).
21
Let g(d) = d**3 + 131*d**2 + 258*d - 1. Give g(-129).
-1
Let q(b) = b**3 - 6*b**2 - 25*b + 33. Calculate q(10).
183
Let u(d) = -4*d**3 + 150*d**2 + 71*d + 191. Calculate u(38).
1
Let c(i) = 146*i - 8514. Give c(59).
100
Let a(j) = -43*j - 73. Give a(1).
-116
Let p(d) = -1070*d + 4282. What is p(4)?
2
Let v(n) = 41*n**2 + 78*n + 23. What is v(-2)?
31
Let k(i) = -i**3 - 150*i**2 - 134*i + 2224. Calculate k(-149).
-11
Let u(b) = b**2 + 664*b + 72976. What is u(-139)?
1
Let i(m) = -114*m - 34. Calculate i(-2).
194
Let u(v) = 62*v - 1736. Determine u(28).
0
Let d(s) = 144*s + 28. Determine d(-3).
-404
Let v(m) = -239*m - 963. Calculate v(-4).
-7
Let w(t) = 188*t - 46457. Determine w(247).
-21
Let j(x) = x**2 + 83*x - 1141. Calculate j(-95).
-1
Let h(m) = 133*m - 436. Give h(5).
229
Let y(z) = -9*z + 335. Determine y(35).
20
Let b(v) = -v**3 - 21*v**2 - 34*v + 63. Determine b(-19).
-13
Let n(f) = -101*f + 1420. What is n(14)?
6
Let g(d) = -d**2 + 24*d - 75. Determine g(4).
5
Let l(o) = -o**3 + 24*o**2 - 140*o - 29. Give l(13).
10
Let u(p) = 2*p**3 + 117*p**2 + 67*p + 518. Determine u(-58).
-4
Let g(n) = -15*n**2 + 120*n. What is g(8)?
0
Let v(a) = -7453*a - 59621. What is v(-8)?
3
Let f(n) = n**3 - 59*n**2 - 71*n + 672. Determine f(60).
12
Let i(z) = -37*z**2 - 9*z + 10. Determine i(2).
-156
Let s(h) = -703*h + 7824. Determine s(11).
91
Let f(v) = 137*v + 1410. Determine f(-9).
177
Let v(a) = -a**2 + 66*a - 237. Give v(60).
123
Let x(j) = j**2 - 35*j + 361. What is x(15)?
61
Let o(b) = b**3 - 3*b**2 - 11*b - 4. Calculate o(6).
38
Let b(n) = -n**3 - 46*n**2 + 98*n + 6. Determine b(2).
10
Let y(s) = s**3 - 17*s**2 + 29*s - 83. Determine y(16).
125
Let n(x) = 80*x - 236. Calculate n(0).
-236
Let s(m) = -m**3 - 5*m**2 - 9. Calculate s(-7).
89
Let m(l) = -l**3 + 19*l**2 - 28*l + 142. Give m(18).
-38
Let h(p) = 6*p**2 + 50*p - 192. Give h(4).
104
Let a(c) = -439*c + 448. Determine a(1).
9
Let y(d) = -10*d + 371. What is y(42)?
-49
Let s(v) = -10*v - 89. Determine s(-34).
251
Let t(z) = z**3 + 9*z**2 - 2058*z - 22391. Give t(-11).
5
Let a(r) = -1089*r + 6524. What is a(6)?
-10
Let m(t) = -t**3 - 43*t**2 - 71*t + 458. Determine m(-41).
7
Let p(b) = b**2 - 41*b + 77. Calculat